?
False
Does 13 divide 195?
True
Does 7 divide 1835?
False
Is 16 a factor of 269?
False
Is 101 a factor of 2424?
True
Is 15 a factor of 3999?
False
Is 45 a factor of 765?
True
Is 181 a multiple of 2?
False
Is 24 a factor of 620?
False
Does 16 divide 3806?
False
Does 38 divide 12442?
False
Is 1624 a multiple of 7?
True
Does 17 divide 289?
True
Is 99339 a multiple of 9?
False
Is 15 a factor of 8220?
True
Is 6 a factor of 1675?
False
Is 11217 a multiple of 8?
False
Is 530 a multiple of 2?
True
Is 3534 a multiple of 62?
True
Is 94 a factor of 172?
False
Is 17355 a multiple of 89?
True
Does 28 divide 17444?
True
Is 3006 a multiple of 20?
False
Does 16 divide 2108?
False
Does 21 divide 4662?
True
Is 22771 a multiple of 59?
False
Is 10 a factor of 12130?
True
Does 7 divide 357?
True
Is 85 a factor of 85?
True
Is 1475 a multiple of 5?
True
Is 10 a factor of 3640?
True
Does 37 divide 55361?
False
Is 21 a factor of 27655?
False
Is 6 a multiple of 4?
False
Is 25 a factor of 2425?
True
Is 7 even?
False
Does 3 divide 87?
True
Is 347 a multiple of 35?
False
Is 8 a factor of 38?
False
Is 24831 a multiple of 89?
True
Is 3834 a multiple of 54?
True
Does 12 divide 43?
False
Is 123186 a multiple of 147?
True
Is 37 a factor of 20418?
False
Is 2982 a multiple of 42?
True
Is 4 a factor of 1004?
True
Is 7 a factor of 5194?
True
Is 8349 a multiple of 69?
True
Is 17 a factor of 3628?
False
Does 9 divide 56259?
True
Is 30 a factor of 1376?
False
Does 9 divide 83097?
True
Does 64 divide 2341?
False
Does 33 divide 1816?
False
Does 38 divide 2327?
False
Is 3 a factor of 252?
True
Does 71 divide 68799?
True
Is 1464 a multiple of 6?
True
Is 14 a factor of 36894?
False
Does 7 divide 1092?
True
Is 240 a multiple of 60?
True
Is 71 a factor of 2201?
True
Is 5 a factor of 4485?
True
Is 780 a multiple of 26?
True
Does 51 divide 867?
True
Does 5 divide 30875?
True
Is 53 a factor of 15328?
False
Does 209 divide 15048?
True
Is 50 a factor of 22729?
False
Is 1024 a multiple of 85?
False
Is 20717 a multiple of 254?
False
Is 25 a factor of 375?
True
Is 8 a factor of 14213?
False
Is 794 a multiple of 2?
True
Is 822 a multiple of 67?
False
Is 47442 a multiple of 9?
False
Is 10 a factor of 2300?
True
Does 49 divide 831?
False
Is 10356 a multiple of 52?
False
Is 47 a factor of 9306?
True
Does 35 divide 2081?
False
Is 18 a factor of 13644?
True
Is 32204 a multiple of 83?
True
Does 19 divide 13101?
False
Does 39 divide 82719?
True
Is 10 a factor of 9300?
True
Is 4 a factor of 422?
False
Is 16895 a multiple of 12?
False
Is 9 a factor of 27874?
False
Is 11 a factor of 1133?
True
Is 20 a factor of 5880?
True
Is 28 a factor of 1456?
True
Does 2 divide 16?
True
Does 33 divide 1980?
True
Is 11 a factor of 24827?
True
Does 123 divide 1072?
False
Is 8 a factor of 2563?
False
Is 20 a factor of 77793?
False
Does 25 divide 24925?
True
Is 9 a factor of 1208?
False
Is 119 a factor of 28084?
True
Is 12 a factor of 600?
True
Does 59 divide 200?
False
Is 3358 a multiple of 46?
True
Is 59 a factor of 4323?
False
Is 8 a factor of 1656?
True
Is 15 a factor of 1759?
False
Is 2853 a multiple of 63?
False
Is 2 a factor of 77?
False
Is 5969 a multiple of 55?
False
Is 27 a factor of 2231?
False
Does 14 divide 642?
False
Is 11781 a multiple of 119?
True
Is 17174 a multiple of 175?
False
Is 13860 a multiple of 84?
True
Does 286 divide 30705?
False
Does 13 divide 66313?
True
Is 24 a factor of 1536?
True
Is 8 a factor of 19544?
True
Is 2158 a multiple of 13?
True
Does 96 divide 53952?
True
Is 15194 a multiple of 49?
False
Is 160 a factor of 750?
False
Is 6 a factor of 5683?
False
Is 2 a factor of 37?
False
Does 19 divide 1024?
False
Is 100 a factor of 53394?
False
Is 28236 a multiple of 52?
True
Is 922 a multiple of 14?
False
Does 6 divide 1411?
False
Is 4218 a multiple of 57?
True
Does 11 divide 92?
False
Does 7 divide 2077?
False
Does 21 divide 3154?
False
Does 41 divide 52685?
True
Is 968 a multiple of 16?
False
Is 606 a multiple of 10?
False
Does 10 divide 294?
False
Is 23 a factor of 1702?
True
Is 2203 a multiple of 74?
False
Is 19 a factor of 60382?
True
Is 1550 a multiple of 25?
True
Is 13 a factor of 534?
False
Does 56 divide 5208?
True
Is 45954 a multiple of 27?
True
Is 115 a factor of 34615?
True
Does 58 divide 1093?
False
Does 22 divide 7238?
True
Is 206 even?
True
Does 47 divide 141?
True
Does 19 divide 95003?
False
Is 5 a factor of 650?
True
Is 30 a factor of 6067?
False
Is 19366 a multiple of 23?
True
Does 14 divide 2072?
True
Is 871 a multiple of 13?
True
Is 40 a factor of 88840?
True
Is 271 a factor of 7317?
True
Does 23 divide 1665?
False
Is 19018 a multiple of 3?
False
Does 63 divide 2626?
False
Does 4 divide 1796?
True
Is 181 a factor of 7964?
True
Does 14 divide 672?
True
Is 48664 a multiple of 158?
True
Is 67 a factor of 627?
False
Is 14150 a multiple of 25?
True
Is 149661 a multiple of 9?
True
Is 22 a factor of 127?
False
Is 24 a factor of 3336?
True
Is 3003 a multiple of 11?
True
Is 99 a factor of 14157?
True
Is 23 a factor of 1468?
False
Is 14801 a multiple of 18?
False
Is 5 a factor of 110?
True
Does 28 divide 5964?
True
Is 1664 a multiple of 32?
True
Is 9 a factor of 19359?
True
Is 7030 a multiple of 9?
False
Is 44 a factor of 1563?
False
Is 82 a factor of 2050?
True
Is 85 a factor of 3060?
True
Is 2632 a multiple of 7?
True
Is 187 a factor of 17657?
False
Is 7 a factor of 1495?
False
Does 52 divide 3775?
False
Is 22 a factor of 19656?
False
Is 270 a multiple of 30?
True
Is 825 a multiple of 3?
True
Is 7 a factor of 3999?
False
Does 14 divide 8470?
True
Is 26 a factor of 30131?
False
Is 3 a factor of 358?
False
Is 2438 a multiple of 60?
False
Is 8099 a multiple of 31?
False
Is 21 a factor of 420?
True
Is 30 a factor of 25065?
False
Does 10 divide 10450?
True
Does 42 divide 755?
False
Is 6 a factor of 64338?
True
Does 129 divide 4974?
False
Is 2042 a multiple of 70?
False
Does 117 divide 2457?
True
Does 294 divide 71736?
True
Is 17 a factor of 6823?
False
Is 35242 a multiple of 67?
True
Is 28 a factor of 291?
False
Is 19 a factor of 6316?
False
Is 20 a factor of 5380?
True
Is 17 a factor of 596?
False
Is 19 a factor of 20346?
False
Is 14 a factor of 14419?
False
Does 12 divide 24816?
True
Is 6024 a multiple of 19?
False
Is 1202 a multiple of 11?
False
Is 116 a factor of 52316?
True
Is 24288 a multiple of 48?
True
Does 14 divide 3334?
False
Is 4417 a multiple of 4?
False
Is 56781 a multiple of 27?
True
Is 1059 a multiple of 21?
False
Does 21 divide 3759?
True
Is 33640 a multiple of 40?
True
Is 425 a multiple of 25?
True
Is 165 a multiple of 11?
True
Does 115 divide 631?
False
Is 974 a multiple of 94?
False
Is 495 a multiple of 55?
True
Is 16 a factor of 3010?
False
Is 21175 a multiple of 20?
False
Does 12 divide 1824?
True
Is 22 a factor of 906?
False
Is 4 a factor of 13317?
False
Does 49 divide 334?
False
Is 9 a factor of 10511?
False
Is 18 a factor of 6030?
True
Is 1608 a multiple of 6?
True
Does 17 divide 6528?
True
Is 14 a factor of 5993?
False
Does 2 divide 35?
False
Is 4626 a multiple of 26?
False
Is 30 a factor of 1140?
True
Does 3 divide 693?
True
Is 8 a factor of 204?
False
Is 1809 a multiple of 201?
True
Is 10 a factor of 4808?
False
Is 11871 a multiple of 82?
False
Does 5 divide 1494?
False
Is 16 a factor of 172?
False
Is 3654 a multiple of 126?
True
Does 18 divide 214?
False
Is 10 a factor of 25419?
False
Is 41 a factor of 571?
False
Is 12600 a multiple of 25?
True
Is 136 a multiple of 16?
False
Is 18 a multiple of 2?
True
Is 42 a factor of 1638?
True
Does 16 divide 1808?
True
Does 55 divide 98780?
True
Is 261 a multiple of 4?
False
Is 14 a factor of 798?
True
Does 28 divide 2406?
False
Is 3 a factor of 694?
False
Does 50 divide 7029?
False
Is 12 a factor of 6204?
True
Is 7362 a multiple of 9?
True
Is 42 a factor of 354?
False
Is 8 a factor of 6219?
False
Does 13 divide 312?
True
Does 8 divide 208?
True
Is 377 a multiple of 64?
False
Does 16 divide 1312?
True
Is 39 a factor of 585?
True
Is 86 a multiple of 43?
True
Is 36751 a multiple of 11?
True
Is 10 a factor of 44950?
True
Does 91 divide 26942?
False
Is 661 even?
False
Does 7 divide 2223?
False
Is 38 a factor of 348?
False
Is 5472 a multiple of 228?
True
Does 65 divide 1023?
False
Does 28 divide 224?
True
Does 91 divide 1358?